is the remainder when 1083 is divided by 612?
471
What is the remainder when 450 is divided by 150?
0
Calculate the remainder when 260841 is divided by 28981.
12
What is the remainder when 98558 is divided by 128?
126
What is the remainder when 3610 is divided by 1153?
151
Calculate the remainder when 477878 is divided by 40.
38
Calculate the remainder when 12880 is divided by 3211.
36
Calculate the remainder when 59269 is divided by 132.
1
Calculate the remainder when 374864 is divided by 12.
8
What is the remainder when 1257 is divided by 97?
93
What is the remainder when 1465 is divided by 73?
5
What is the remainder when 478749 is divided by 91?
89
What is the remainder when 159199 is divided by 290?
279
What is the remainder when 9455 is divided by 3149?
8
Calculate the remainder when 432489 is divided by 48054.
3
Calculate the remainder when 126017 is divided by 171.
161
What is the remainder when 8164451 is divided by 421?
419
What is the remainder when 47915 is divided by 12?
11
What is the remainder when 1831 is divided by 889?
53
What is the remainder when 142379 is divided by 586?
567
What is the remainder when 85941 is divided by 121?
31
Calculate the remainder when 1487 is divided by 359.
51
What is the remainder when 38328 is divided by 39?
30
Calculate the remainder when 7726 is divided by 1320.
1126
What is the remainder when 4433 is divided by 46?
17
What is the remainder when 57811 is divided by 44?
39
What is the remainder when 74372 is divided by 219?
131
Calculate the remainder when 403774 is divided by 48.
46
Calculate the remainder when 66095 is divided by 2065.
15
Calculate the remainder when 247981 is divided by 35425.
6
Calculate the remainder when 37123 is divided by 3357.
196
What is the remainder when 14788 is divided by 2463?
10
Calculate the remainder when 8940 is divided by 745.
0
What is the remainder when 11921 is divided by 67?
62
What is the remainder when 83387 is divided by 358?
331
What is the remainder when 41202 is divided by 136?
130
What is the remainder when 5237 is divided by 5220?
17
What is the remainder when 6735 is divided by 3129?
477
What is the remainder when 6133 is divided by 218?
29
Calculate the remainder when 14893 is divided by 133.
130
What is the remainder when 9449 is divided by 1346?
27
Calculate the remainder when 3499 is divided by 38.
3
What is the remainder when 11351 is divided by 367?
341
What is the remainder when 22428 is divided by 1336?
1052
Calculate the remainder when 2419 is divided by 1005.
409
Calculate the remainder when 6115577 is divided by 170.
167
What is the remainder when 379371 is divided by 29?
22
Calculate the remainder when 63159 is divided by 13.
5
What is the remainder when 4661 is divided by 12?
5
Calculate the remainder when 3403 is divided by 62.
55
What is the remainder when 1953 is divided by 484?
17
What is the remainder when 2949102 is divided by 19?
17
What is the remainder when 14318 is divided by 1155?
458
Calculate the remainder when 110083 is divided by 41.
39
What is the remainder when 1103 is divided by 374?
355
What is the remainder when 40390 is divided by 183?
130
What is the remainder when 2010 is divided by 559?
333
What is the remainder when 1536977 is divided by 155?
152
What is the remainder when 119626 is divided by 17?
14
Calculate the remainder when 2102 is divided by 1036.
30
Calculate the remainder when 191974 is divided by 116.
110
What is the remainder when 25145 is divided by 7?
1
Calculate the remainder when 1743 is divided by 1313.
430
What is the remainder when 38029 is divided by 3457?
2
Calculate the remainder when 268685 is divided by 28.
25
Calculate the remainder when 162712 is divided by 58.
22
Calculate the remainder when 377297 is divided by 11.
8
Calculate the remainder when 42250 is divided by 25.
0
What is the remainder when 16046 is divided by 8?
6
Calculate the remainder when 527710 is divided by 6.
4
Calculate the remainder when 317962 is divided by 791.
771
What is the remainder when 332192 is divided by 29?
26
Calculate the remainder when 2923947 is divided by 19.
18
Calculate the remainder when 263854 is divided by 467.
466
What is the remainder when 6273 is divided by 325?
98
What is the remainder when 185650 is divided by 61883?
1
Calculate the remainder when 7842 is divided by 218.
212
What is the remainder when 2954412 is divided by 427?
426
Calculate the remainder when 474363 is divided by 343.
337
What is the remainder when 4828 is divided by 78?
70
Calculate the remainder when 40636 is divided by 1682.
268
Calculate the remainder when 16441 is divided by 21.
19
What is the remainder when 14119 is divided by 336?
7
What is the remainder when 4958 is divided by 236?
2
What is the remainder when 1666 is divided by 821?
24
What is the remainder when 4106 is divided by 3269?
837
What is the remainder when 10197 is divided by 9904?
293
Calculate the remainder when 2009646 is divided by 46.
44
What is the remainder when 16041 is divided by 3206?
11
Calculate the remainder when 20462 is divided by 35.
22
Calculate the remainder when 4978 is divided by 237.
1
Calculate the remainder when 922 is divided by 614.
308
Calculate the remainder when 43787 is divided by 5.
2
Calculate the remainder when 43842 is divided by 33.
18
What is the remainder when 243238 is divided by 189?
184
Calculate the remainder when 189600 is divided by 16.
0
Calculate the remainder when 19635 is divided by 357.
0
Calculate the remainder when 1892006 is divided by 1413.
1412
Calculate the remainder when 36 is divided by 33.
3
Calculate the remainder when 370869 is divided by 408.
405
What is the remainder when 393938 is divided by 13?
12
Calculate the remainder when 120114 is divided by 917.
904
What is the remainder when 631 is divided by 47?
20
What is the remainder when 580499 is divided by 110?
29
What is the remainder when 277072 is divided by 16297?
23
Calculate the remainder when 1704 is divided by 413.
52
What is the remainder when 12220 is divided by 1195?
270
What is the remainder when 2510 is divided by 636?
602
What is the remainder when 5712 is divided by 118?
48
Calculate the remainder when 284509 is divided by 348.
193
What is the remainder when 875475 is divided by 158?
155
What is the remainder when 272192 is divided by 722?
720
What is the remainder when 52830 is divided by 33?
30
Calculate the remainder when 59685 is divided by 2058.
3
Calculate the remainder when 2430238 is divided by 830.
828
What is the remainder when 14392 is divided by 133?
28
What is the remainder when 49389 is divided by 914?
33
Calculate the remainder when 51071 is divided by 1502.
3
What is the remainder when 495490 is divided by 45?
40
What is the remainder when 295155 is divided by 32786?
81
Calculate the remainder when 1750 is divided by 247.
21
What is the remainder when 2132 is divided by 53?
12
Calculate the remainder when 399320 is divided by 150.
20
Calculate the remainder when 20666 is divided by 517.
503
Calculate the remainder when 12133 is divided by 15.
13
What is the remainder when 7653 is divided by 67?
15
What is the remainder when 4694 is divided by 468?
14
What is the remainder when 3358 is divided by 665?
33
Calculate the remainder when 11442 is divided by 53.
47
What is the remainder when 197556 is divided by 9?
6
What is the remainder when 40122 is divided by 264?
258
Calculate the remainder when 36431 is divided by 4045.
26
What is the remainder when 67079 is divided by 10?
9
What is the remainder when 26788 is divided by 97?
16
Calculate the remainder when 4678 is divided by 2716.
1962
Calculate the remainder when 20767 is divided by 507.
487
What is the remainder when 227163 is divided by 113570?
23
Calculate the remainder when 76312 is divided by 25434.
10
What is the remainder when 208860 is divided by 3?
0
Calculate the remainder when 96093 is divided by 44.
41
Calculate the remainder when 1433 is divided by 471.
20
Calculate the remainder when 23290 is divided by 2003.
1257
What is the remainder when 750260 is divided by 4547?
5
What is the remainder when 19992 is divided by 200?
192
Calculate the remainder when 4803 is divided by 2058.
687
Calculate the remainder when 7199 is divided by 1235.
1024
Calculate